HEX
Server: Apache
System: Linux vps121902.inmotionhosting.com 4.18.0 #1 SMP Mon Sep 30 15:36:27 MSK 2024 x86_64
User: hipdev5 (1001)
PHP: 8.2.32
Disabled: exec,passthru,shell_exec,system
Upload Files
File: /home/hipdev5/access-logs/randy-web-ff.hipdev.pro-ssl_log
199.250.206.198 - - [04/Aug/2026:08:05:00 -0400] "POST /wp-cron.php?doing_wp_cron=1785845100.2378458976745605468750 HTTP/1.1" 200 - "-" "WordPress/6.9.5; https://randy-web-ff.hipdev.pro"
45.94.81.154 - - [04/Aug/2026:08:04:59 -0400] "GET /wp-login.php HTTP/2.0" 200 10257 "-" "Mozilla/5.0 (Windows NT 10.0; Win64; x64) AppleWebKit/537.36 (KHTML, like Gecko) Chrome/150.0.0.0 Safari/537.36"
45.94.81.154 - - [04/Aug/2026:08:05:00 -0400] "POST /wp-login.php HTTP/2.0" 200 10742 "https://randy-web-ff.hipdev.pro/wp-login.php" "Mozilla/5.0 (Windows NT 10.0; Win64; x64) AppleWebKit/537.36 (KHTML, like Gecko) Chrome/150.0.0.0 Safari/537.36"
199.250.206.198 - - [04/Aug/2026:08:16:45 -0400] "POST /wp-cron.php?doing_wp_cron=1785845805.1554839611053466796875 HTTP/1.1" 200 - "-" "WordPress/6.9.5; https://randy-web-ff.hipdev.pro"
62.210.185.4 - - [04/Aug/2026:08:16:44 -0400] "GET /wp-login.php HTTP/2.0" 200 10257 "-" "Mozilla/5.0 (Windows NT 10.0; Win64; x64) AppleWebKit/537.36 (KHTML, like Gecko) Chrome/150.0.0.0 Safari/537.36"
62.210.185.4 - - [04/Aug/2026:08:16:45 -0400] "POST /wp-login.php HTTP/2.0" 200 10742 "https://randy-web-ff.hipdev.pro/wp-login.php" "Mozilla/5.0 (Windows NT 10.0; Win64; x64) AppleWebKit/537.36 (KHTML, like Gecko) Chrome/150.0.0.0 Safari/537.36"
199.250.206.198 - - [04/Aug/2026:08:17:42 -0400] "POST /wp-cron.php?doing_wp_cron=1785845862.2220859527587890625000 HTTP/1.1" 200 - "-" "WordPress/6.9.5; https://randy-web-ff.hipdev.pro"
199.45.155.89 - - [04/Aug/2026:08:17:41 -0400] "GET / HTTP/1.1" 301 - "-" "Mozilla/5.0 (compatible; CensysInspect/1.1; +https://about.censys.io/)"
199.45.155.89 - - [04/Aug/2026:08:17:46 -0400] "GET / HTTP/1.1" 200 19791 "-" "Mozilla/5.0 (compatible; CensysInspect/1.1; +https://about.censys.io/)"
199.45.155.89 - - [04/Aug/2026:08:17:49 -0400] "GET /wp-content/uploads/2025/11/ENTERNITE_FAVICON.png HTTP/1.1" 200 3261 "-" "Mozilla/5.0 (compatible; CensysInspect/1.1; +https://about.censys.io/)"
199.45.155.89 - - [04/Aug/2026:08:17:50 -0400] "GET /favicon.ico HTTP/1.1" 302 - "-" "Mozilla/5.0 (compatible; CensysInspect/1.1; +https://about.censys.io/)"
199.45.155.89 - - [04/Aug/2026:08:17:53 -0400] "GET /wp-content/uploads/2025/11/ENTERNITE_FAVICON.png HTTP/1.1" 200 3261 "https://randy-web-ff.hipdev.pro/favicon.ico" "Mozilla/5.0 (compatible; CensysInspect/1.1; +https://about.censys.io/)"
199.250.206.198 - - [04/Aug/2026:08:28:48 -0400] "POST /wp-cron.php?doing_wp_cron=1785846528.5171210765838623046875 HTTP/1.1" 200 - "-" "WordPress/6.9.5; https://randy-web-ff.hipdev.pro"
87.118.72.18 - - [04/Aug/2026:08:28:48 -0400] "GET /wp-login.php HTTP/2.0" 200 10257 "-" "Mozilla/5.0 (Windows NT 10.0; Win64; x64) AppleWebKit/537.36 (KHTML, like Gecko) Chrome/150.0.0.0 Safari/537.36"
87.118.72.18 - - [04/Aug/2026:08:28:49 -0400] "POST /wp-login.php HTTP/2.0" 200 10742 "https://randy-web-ff.hipdev.pro/wp-login.php" "Mozilla/5.0 (Windows NT 10.0; Win64; x64) AppleWebKit/537.36 (KHTML, like Gecko) Chrome/150.0.0.0 Safari/537.36"
199.250.206.198 - - [04/Aug/2026:08:41:58 -0400] "POST /wp-cron.php?doing_wp_cron=1785847318.0561969280242919921875 HTTP/1.1" 200 - "-" "WordPress/6.9.5; https://randy-web-ff.hipdev.pro"
103.56.163.133 - - [04/Aug/2026:08:41:57 -0400] "GET /wp-login.php HTTP/2.0" 200 10257 "-" "Mozilla/5.0 (Windows NT 10.0; Win64; x64) AppleWebKit/537.36 (KHTML, like Gecko) Chrome/150.0.0.0 Safari/537.36"
103.56.163.133 - - [04/Aug/2026:08:41:59 -0400] "POST /wp-login.php HTTP/2.0" 200 10742 "https://randy-web-ff.hipdev.pro/wp-login.php" "Mozilla/5.0 (Windows NT 10.0; Win64; x64) AppleWebKit/537.36 (KHTML, like Gecko) Chrome/150.0.0.0 Safari/537.36"
199.250.206.198 - - [04/Aug/2026:09:07:42 -0400] "POST /wp-cron.php?doing_wp_cron=1785848862.2012650966644287109375 HTTP/1.1" 200 - "-" "WordPress/6.9.5; https://randy-web-ff.hipdev.pro"
37.44.215.122 - - [04/Aug/2026:09:07:41 -0400] "GET /wp-login.php HTTP/2.0" 200 10257 "-" "Mozilla/5.0 (Windows NT 10.0; Win64; x64) AppleWebKit/537.36 (KHTML, like Gecko) Chrome/150.0.0.0 Safari/537.36"
37.44.215.122 - - [04/Aug/2026:09:07:44 -0400] "POST /wp-login.php HTTP/2.0" 200 10742 "https://randy-web-ff.hipdev.pro/wp-login.php" "Mozilla/5.0 (Windows NT 10.0; Win64; x64) AppleWebKit/537.36 (KHTML, like Gecko) Chrome/150.0.0.0 Safari/537.36"
199.250.206.198 - - [04/Aug/2026:09:29:00 -0400] "POST /wp-cron.php?doing_wp_cron=1785850140.0044560432434082031250 HTTP/1.1" 200 - "-" "WordPress/6.9.5; https://randy-web-ff.hipdev.pro"
198.46.81.42 - - [04/Aug/2026:09:28:59 -0400] "GET /wp-login.php HTTP/2.0" 200 10257 "-" "Mozilla/5.0 (Windows NT 10.0; Win64; x64) AppleWebKit/537.36 (KHTML, like Gecko) Chrome/150.0.0.0 Safari/537.36"
198.46.81.42 - - [04/Aug/2026:09:29:00 -0400] "POST /wp-login.php HTTP/2.0" 200 10742 "https://randy-web-ff.hipdev.pro/wp-login.php" "Mozilla/5.0 (Windows NT 10.0; Win64; x64) AppleWebKit/537.36 (KHTML, like Gecko) Chrome/150.0.0.0 Safari/537.36"
199.250.206.198 - - [04/Aug/2026:09:31:29 -0400] "POST /wp-cron.php?doing_wp_cron=1785850289.3658759593963623046875 HTTP/1.1" 200 - "-" "WordPress/6.9.5; https://randy-web-ff.hipdev.pro"
216.245.208.229 - - [04/Aug/2026:09:31:28 -0400] "GET /wp-login.php HTTP/2.0" 200 10257 "-" "Mozilla/5.0 (Windows NT 10.0; Win64; x64) AppleWebKit/537.36 (KHTML, like Gecko) Chrome/150.0.0.0 Safari/537.36"
216.245.208.229 - - [04/Aug/2026:09:31:29 -0400] "POST /wp-login.php HTTP/2.0" 200 10742 "https://randy-web-ff.hipdev.pro/wp-login.php" "Mozilla/5.0 (Windows NT 10.0; Win64; x64) AppleWebKit/537.36 (KHTML, like Gecko) Chrome/150.0.0.0 Safari/537.36"
199.250.206.198 - - [04/Aug/2026:09:43:44 -0400] "POST /wp-cron.php?doing_wp_cron=1785851024.9312810897827148437500 HTTP/1.1" 200 - "-" "WordPress/6.9.5; https://randy-web-ff.hipdev.pro"
46.105.252.3 - - [04/Aug/2026:09:43:44 -0400] "GET /wp-login.php HTTP/2.0" 200 10257 "-" "Mozilla/5.0 (Windows NT 10.0; Win64; x64) AppleWebKit/537.36 (KHTML, like Gecko) Chrome/150.0.0.0 Safari/537.36"
46.105.252.3 - - [04/Aug/2026:09:43:45 -0400] "POST /wp-login.php HTTP/2.0" 200 10742 "https://randy-web-ff.hipdev.pro/wp-login.php" "Mozilla/5.0 (Windows NT 10.0; Win64; x64) AppleWebKit/537.36 (KHTML, like Gecko) Chrome/150.0.0.0 Safari/537.36"
199.250.206.198 - - [04/Aug/2026:09:55:54 -0400] "POST /wp-cron.php?doing_wp_cron=1785851754.7272810935974121093750 HTTP/1.1" 200 - "-" "WordPress/6.9.5; https://randy-web-ff.hipdev.pro"
216.245.208.229 - - [04/Aug/2026:09:55:54 -0400] "GET /wp-login.php HTTP/2.0" 200 10257 "-" "Mozilla/5.0 (Windows NT 10.0; Win64; x64) AppleWebKit/537.36 (KHTML, like Gecko) Chrome/150.0.0.0 Safari/537.36"
216.245.208.229 - - [04/Aug/2026:09:55:55 -0400] "POST /wp-login.php HTTP/2.0" 200 10742 "https://randy-web-ff.hipdev.pro/wp-login.php" "Mozilla/5.0 (Windows NT 10.0; Win64; x64) AppleWebKit/537.36 (KHTML, like Gecko) Chrome/150.0.0.0 Safari/537.36"
199.250.206.198 - - [04/Aug/2026:10:17:27 -0400] "POST /wp-cron.php?doing_wp_cron=1785853047.2632889747619628906250 HTTP/1.1" 200 - "-" "WordPress/6.9.5; https://randy-web-ff.hipdev.pro"
103.56.163.133 - - [04/Aug/2026:10:17:26 -0400] "GET /wp-login.php HTTP/2.0" 200 10257 "-" "Mozilla/5.0 (Windows NT 10.0; Win64; x64) AppleWebKit/537.36 (KHTML, like Gecko) Chrome/150.0.0.0 Safari/537.36"
103.56.163.133 - - [04/Aug/2026:10:17:27 -0400] "POST /wp-login.php HTTP/2.0" 200 10742 "https://randy-web-ff.hipdev.pro/wp-login.php" "Mozilla/5.0 (Windows NT 10.0; Win64; x64) AppleWebKit/537.36 (KHTML, like Gecko) Chrome/150.0.0.0 Safari/537.36"
66.132.172.138 - - [04/Aug/2026:10:18:20 -0400] "GET / HTTP/1.1" 200 19791 "-" "Mozilla/5.0 (compatible; CensysInspect/1.1; +https://about.censys.io/)"
66.132.172.138 - - [04/Aug/2026:10:18:21 -0400] "GET /wp-content/uploads/2025/11/ENTERNITE_FAVICON.png HTTP/1.1" 200 3261 "-" "Mozilla/5.0 (compatible; CensysInspect/1.1; +https://about.censys.io/)"
66.132.172.138 - - [04/Aug/2026:10:18:21 -0400] "GET /favicon.ico HTTP/1.1" 302 - "-" "Mozilla/5.0 (compatible; CensysInspect/1.1; +https://about.censys.io/)"
66.132.172.138 - - [04/Aug/2026:10:18:22 -0400] "GET /wp-content/uploads/2025/11/ENTERNITE_FAVICON.png HTTP/1.1" 200 3261 "https://randy-web-ff.hipdev.pro/favicon.ico" "Mozilla/5.0 (compatible; CensysInspect/1.1; +https://about.censys.io/)"
199.250.206.198 - - [04/Aug/2026:10:18:32 -0400] "POST /wp-cron.php?doing_wp_cron=1785853112.7454819679260253906250 HTTP/1.1" 200 - "-" "WordPress/6.9.5; https://randy-web-ff.hipdev.pro"
66.132.172.138 - - [04/Aug/2026:10:18:32 -0400] "GET /wp-json/?_fields=name,description,home,gmt_offset,timezone_string,namespaces HTTP/1.1" 200 257 "-" "Mozilla/5.0 (compatible; CensysInspect/1.1; +https://about.censys.io/)"
199.250.206.198 - - [04/Aug/2026:10:27:10 -0400] "POST /wp-cron.php?doing_wp_cron=1785853630.7527830600738525390625 HTTP/1.1" 200 - "-" "WordPress/6.9.5; https://randy-web-ff.hipdev.pro"
188.164.197.230 - - [04/Aug/2026:10:27:10 -0400] "GET /wp-login.php HTTP/2.0" 200 10257 "-" "Mozilla/5.0 (Windows NT 10.0; Win64; x64) AppleWebKit/537.36 (KHTML, like Gecko) Chrome/150.0.0.0 Safari/537.36"
188.164.197.230 - - [04/Aug/2026:10:27:11 -0400] "POST /wp-login.php HTTP/2.0" 200 10742 "https://randy-web-ff.hipdev.pro/wp-login.php" "Mozilla/5.0 (Windows NT 10.0; Win64; x64) AppleWebKit/537.36 (KHTML, like Gecko) Chrome/150.0.0.0 Safari/537.36"
35.194.193.236 - - [04/Aug/2026:10:55:42 -0400] "GET /htdocs/.git/config HTTP/1.1" 301 - "-" "crusader-worker/1.0"
35.194.193.236 - - [04/Aug/2026:10:55:42 -0400] "GET /wordpress/.git/config HTTP/1.1" 301 - "-" "crusader-worker/1.0"
35.194.193.236 - - [04/Aug/2026:10:55:42 -0400] "GET /html/.git/config HTTP/1.1" 301 - "-" "crusader-worker/1.0"
35.194.193.236 - - [04/Aug/2026:10:55:42 -0400] "GET /.git/config HTTP/1.1" 301 - "-" "crusader-worker/1.0"
35.194.193.236 - - [04/Aug/2026:10:55:42 -0400] "GET /www/.git/config HTTP/1.1" 301 - "-" "crusader-worker/1.0"
35.194.193.236 - - [04/Aug/2026:10:55:42 -0400] "GET /src/.git/config HTTP/1.1" 301 - "-" "crusader-worker/1.0"
35.194.193.236 - - [04/Aug/2026:10:55:42 -0400] "GET /backend/.git/config HTTP/1.1" 301 - "-" "crusader-worker/1.0"
35.194.193.236 - - [04/Aug/2026:10:55:42 -0400] "GET /var/www/.git/config HTTP/1.1" 301 - "-" "crusader-worker/1.0"
199.250.206.198 - - [04/Aug/2026:10:55:42 -0400] "POST /wp-cron.php?doing_wp_cron=1785855342.7115170955657958984375 HTTP/1.1" 200 - "-" "WordPress/6.9.5; https://randy-web-ff.hipdev.pro"
35.194.193.236 - - [04/Aug/2026:10:55:42 -0400] "GET /site/.git/config HTTP/1.1" 301 - "-" "crusader-worker/1.0"
35.194.193.236 - - [04/Aug/2026:10:55:42 -0400] "GET /api/.git/config HTTP/1.1" 301 - "-" "crusader-worker/1.0"
35.194.193.236 - - [04/Aug/2026:10:55:42 -0400] "GET /app/.git/config HTTP/1.1" 301 - "-" "crusader-worker/1.0"
35.194.193.236 - - [04/Aug/2026:10:55:42 -0400] "GET /public/.git/config HTTP/1.1" 301 - "-" "crusader-worker/1.0"
199.250.206.198 - - [04/Aug/2026:11:34:35 -0400] "POST /wp-cron.php?doing_wp_cron=1785857675.3990890979766845703125 HTTP/1.1" 200 - "-" "WordPress/6.9.5; https://randy-web-ff.hipdev.pro"
216.245.208.229 - - [04/Aug/2026:11:34:34 -0400] "GET /wp-login.php HTTP/2.0" 200 10257 "-" "Mozilla/5.0 (Windows NT 10.0; Win64; x64) AppleWebKit/537.36 (KHTML, like Gecko) Chrome/150.0.0.0 Safari/537.36"
216.245.208.229 - - [04/Aug/2026:11:34:36 -0400] "POST /wp-login.php HTTP/2.0" 200 10742 "https://randy-web-ff.hipdev.pro/wp-login.php" "Mozilla/5.0 (Windows NT 10.0; Win64; x64) AppleWebKit/537.36 (KHTML, like Gecko) Chrome/150.0.0.0 Safari/537.36"
199.250.206.198 - - [04/Aug/2026:11:53:14 -0400] "POST /wp-cron.php?doing_wp_cron=1785858794.4473669528961181640625 HTTP/1.1" 200 - "-" "WordPress/6.9.5; https://randy-web-ff.hipdev.pro"
91.206.200.203 - - [04/Aug/2026:11:53:14 -0400] "GET /wp-login.php HTTP/2.0" 200 10257 "-" "Mozilla/5.0 (Windows NT 10.0; Win64; x64) AppleWebKit/537.36 (KHTML, like Gecko) Chrome/150.0.0.0 Safari/537.36"
91.206.200.203 - - [04/Aug/2026:11:53:14 -0400] "POST /wp-login.php HTTP/2.0" 200 10742 "https://randy-web-ff.hipdev.pro/wp-login.php" "Mozilla/5.0 (Windows NT 10.0; Win64; x64) AppleWebKit/537.36 (KHTML, like Gecko) Chrome/150.0.0.0 Safari/537.36"
199.250.206.198 - - [04/Aug/2026:11:56:14 -0400] "POST /wp-cron.php?doing_wp_cron=1785858974.2630360126495361328125 HTTP/1.1" 200 - "-" "WordPress/6.9.5; https://randy-web-ff.hipdev.pro"
212.80.9.235 - - [04/Aug/2026:11:56:13 -0400] "GET /wp-login.php HTTP/2.0" 200 10257 "-" "Mozilla/5.0 (Windows NT 10.0; Win64; x64) AppleWebKit/537.36 (KHTML, like Gecko) Chrome/150.0.0.0 Safari/537.36"
212.80.9.235 - - [04/Aug/2026:11:56:15 -0400] "POST /wp-login.php HTTP/2.0" 200 10742 "https://randy-web-ff.hipdev.pro/wp-login.php" "Mozilla/5.0 (Windows NT 10.0; Win64; x64) AppleWebKit/537.36 (KHTML, like Gecko) Chrome/150.0.0.0 Safari/537.36"
199.250.206.198 - - [04/Aug/2026:11:56:54 -0400] "POST /wp-cron.php?doing_wp_cron=1785859014.5666329860687255859375 HTTP/1.1" 200 - "-" "WordPress/6.9.5; https://randy-web-ff.hipdev.pro"
4.246.181.2 - - [04/Aug/2026:11:56:54 -0400] "GET / HTTP/1.1" 301 - "-" "Mozilla/5.0 (Windows NT 10.0; Win64; x64) AppleWebKit/537.36 (KHTML, like Gecko) Chrome/145.0.0.0 Safari/537.36"
4.246.181.2 - - [04/Aug/2026:11:56:54 -0400] "GET / HTTP/1.1" 200 19791 "-" "Mozilla/5.0 (Windows NT 10.0; Win64; x64) AppleWebKit/537.36 (KHTML, like Gecko) Chrome/145.0.0.0 Safari/537.36"
4.246.181.2 - - [04/Aug/2026:11:56:55 -0400] "GET /readme.html HTTP/1.1" 301 - "-" "Mozilla/5.0 (Windows NT 10.0; Win64; x64) AppleWebKit/537.36 (KHTML, like Gecko) Chrome/145.0.0.0 Safari/537.36"
4.246.181.2 - - [04/Aug/2026:11:56:55 -0400] "GET /readme.html HTTP/1.1" 404 18434 "-" "Mozilla/5.0 (Windows NT 10.0; Win64; x64) AppleWebKit/537.36 (KHTML, like Gecko) Chrome/145.0.0.0 Safari/537.36"
4.246.181.2 - - [04/Aug/2026:11:56:57 -0400] "POST /?rest_route=/batch/v1&_w2s=f3be9648 HTTP/1.1" 207 634 "-" "Mozilla/5.0 (Macintosh; Intel Mac OS X 10_15_7) AppleWebKit/537.36 (KHTML, like Gecko) Chrome/145.0.0.0 Safari/537.36"
4.246.181.2 - - [04/Aug/2026:11:56:58 -0400] "POST /?rest_route=/batch/v1&_w2s=25c13fef HTTP/1.1" 207 634 "-" "Mozilla/5.0 (Windows NT 10.0; Win64; x64) AppleWebKit/537.36 (KHTML, like Gecko) Chrome/144.0.0.0 Safari/537.36"
199.250.206.198 - - [04/Aug/2026:12:15:36 -0400] "POST /wp-cron.php?doing_wp_cron=1785860136.7106959819793701171875 HTTP/1.1" 200 - "-" "WordPress/6.9.5; https://randy-web-ff.hipdev.pro"
4.227.216.131 - - [04/Aug/2026:12:15:36 -0400] "GET / HTTP/1.1" 301 - "-" "Mozilla/5.0 (Windows NT 10.0; Win64; x64) AppleWebKit/537.36 (KHTML, like Gecko) Chrome/146.0.0.0 Safari/537.36"
4.227.216.131 - - [04/Aug/2026:12:15:36 -0400] "GET / HTTP/1.1" 200 19791 "-" "Mozilla/5.0 (Windows NT 10.0; Win64; x64) AppleWebKit/537.36 (KHTML, like Gecko) Chrome/146.0.0.0 Safari/537.36"
4.227.216.131 - - [04/Aug/2026:12:15:37 -0400] "GET /readme.html HTTP/1.1" 301 - "-" "Mozilla/5.0 (Windows NT 10.0; Win64; x64) AppleWebKit/537.36 (KHTML, like Gecko) Chrome/146.0.0.0 Safari/537.36"
4.227.216.131 - - [04/Aug/2026:12:15:38 -0400] "GET /readme.html HTTP/1.1" 404 18434 "-" "Mozilla/5.0 (Windows NT 10.0; Win64; x64) AppleWebKit/537.36 (KHTML, like Gecko) Chrome/146.0.0.0 Safari/537.36"
4.227.216.131 - - [04/Aug/2026:12:15:38 -0400] "POST /?rest_route=/batch/v1&_w2s=7fc39fc0 HTTP/1.1" 207 634 "-" "Mozilla/5.0 (Windows NT 10.0; Win64; x64) AppleWebKit/537.36 (KHTML, like Gecko) Chrome/145.0.0.0 Safari/537.36"
4.227.216.131 - - [04/Aug/2026:12:15:39 -0400] "POST /?rest_route=/batch/v1&_w2s=2108c2fa HTTP/1.1" 207 634 "-" "Mozilla/5.0 (Windows NT 10.0; Win64; x64) AppleWebKit/537.36 (KHTML, like Gecko) Chrome/145.0.0.0 Safari/537.36"
199.250.206.198 - - [04/Aug/2026:13:15:37 -0400] "POST /wp-cron.php?doing_wp_cron=1785863737.6998910903930664062500 HTTP/1.1" 200 - "-" "WordPress/6.9.5; https://randy-web-ff.hipdev.pro"
216.245.208.229 - - [04/Aug/2026:13:15:37 -0400] "GET /wp-login.php HTTP/2.0" 200 10257 "-" "Mozilla/5.0 (Windows NT 10.0; Win64; x64) AppleWebKit/537.36 (KHTML, like Gecko) Chrome/150.0.0.0 Safari/537.36"
216.245.208.229 - - [04/Aug/2026:13:15:42 -0400] "POST /wp-login.php HTTP/2.0" 200 10742 "https://randy-web-ff.hipdev.pro/wp-login.php" "Mozilla/5.0 (Windows NT 10.0; Win64; x64) AppleWebKit/537.36 (KHTML, like Gecko) Chrome/150.0.0.0 Safari/537.36"
199.250.206.198 - - [04/Aug/2026:13:28:55 -0400] "POST /wp-cron.php?doing_wp_cron=1785864535.6522140502929687500000 HTTP/1.1" 200 - "-" "WordPress/6.9.5; https://randy-web-ff.hipdev.pro"
103.57.220.209 - - [04/Aug/2026:13:28:55 -0400] "GET /wp-login.php HTTP/2.0" 200 10257 "-" "Mozilla/5.0 (Windows NT 10.0; Win64; x64) AppleWebKit/537.36 (KHTML, like Gecko) Chrome/150.0.0.0 Safari/537.36"
103.57.220.209 - - [04/Aug/2026:13:28:58 -0400] "POST /wp-login.php HTTP/2.0" 200 10742 "https://randy-web-ff.hipdev.pro/wp-login.php" "Mozilla/5.0 (Windows NT 10.0; Win64; x64) AppleWebKit/537.36 (KHTML, like Gecko) Chrome/150.0.0.0 Safari/537.36"
199.250.206.198 - - [04/Aug/2026:13:59:32 -0400] "POST /wp-cron.php?doing_wp_cron=1785866372.8630549907684326171875 HTTP/1.1" 200 - "-" "WordPress/6.9.5; https://randy-web-ff.hipdev.pro"
74.7.228.1 - - [04/Aug/2026:13:59:32 -0400] "GET /robots.txt HTTP/2.0" 200 124 "-" "Mozilla/5.0 (Macintosh; Intel Mac OS X 10_15_7) AppleWebKit/537.36 (KHTML, like Gecko) Chrome/131.0.0.0 Safari/537.36; compatible; OAI-SearchBot/1.4; robots.txt; +https://openai.com/searchbot"
74.7.241.0 - - [04/Aug/2026:13:59:32 -0400] "GET /wp-sitemap.xml HTTP/2.0" 200 306 "-" "Mozilla/5.0 AppleWebKit/537.36 (KHTML, like Gecko; compatible; GPTBot/1.4; +https://openai.com/gptbot)"
199.250.206.198 - - [04/Aug/2026:14:06:50 -0400] "POST /wp-cron.php?doing_wp_cron=1785866810.3479518890380859375000 HTTP/1.1" 200 - "-" "WordPress/6.9.5; https://randy-web-ff.hipdev.pro"
172.233.188.123 - - [04/Aug/2026:14:06:50 -0400] "GET /wp-login.php HTTP/2.0" 200 10257 "-" "Mozilla/5.0 (Windows NT 10.0; Win64; x64) AppleWebKit/537.36 (KHTML, like Gecko) Chrome/150.0.0.0 Safari/537.36"
172.233.188.123 - - [04/Aug/2026:14:06:51 -0400] "POST /wp-login.php HTTP/2.0" 200 10742 "https://randy-web-ff.hipdev.pro/wp-login.php" "Mozilla/5.0 (Windows NT 10.0; Win64; x64) AppleWebKit/537.36 (KHTML, like Gecko) Chrome/150.0.0.0 Safari/537.36"
199.250.206.198 - - [04/Aug/2026:14:46:29 -0400] "POST /wp-cron.php?doing_wp_cron=1785869189.9096589088439941406250 HTTP/1.1" 200 - "-" "WordPress/6.9.5; https://randy-web-ff.hipdev.pro"
157.66.26.183 - - [04/Aug/2026:14:46:29 -0400] "GET /wp-login.php HTTP/2.0" 200 10257 "-" "Mozilla/5.0 (Windows NT 10.0; Win64; x64) AppleWebKit/537.36 (KHTML, like Gecko) Chrome/150.0.0.0 Safari/537.36"
199.250.206.198 - - [04/Aug/2026:15:22:16 -0400] "POST /wp-cron.php?doing_wp_cron=1785871336.5764501094818115234375 HTTP/1.1" 200 - "-" "WordPress/6.9.5; https://randy-web-ff.hipdev.pro"
63.34.153.202 - - [04/Aug/2026:15:22:16 -0400] "GET /wp-login.php HTTP/2.0" 200 10257 "-" "Mozilla/5.0 (Windows NT 10.0; Win64; x64) AppleWebKit/537.36 (KHTML, like Gecko) Chrome/150.0.0.0 Safari/537.36"
63.34.153.202 - - [04/Aug/2026:15:22:18 -0400] "POST /wp-login.php HTTP/2.0" 200 10742 "https://randy-web-ff.hipdev.pro/wp-login.php" "Mozilla/5.0 (Windows NT 10.0; Win64; x64) AppleWebKit/537.36 (KHTML, like Gecko) Chrome/150.0.0.0 Safari/537.36"
199.250.206.198 - - [04/Aug/2026:15:44:33 -0400] "POST /wp-cron.php?doing_wp_cron=1785872673.7236568927764892578125 HTTP/1.1" 200 - "-" "WordPress/6.9.5; https://randy-web-ff.hipdev.pro"
212.80.9.235 - - [04/Aug/2026:15:44:33 -0400] "GET /wp-login.php HTTP/2.0" 200 10257 "-" "Mozilla/5.0 (Windows NT 10.0; Win64; x64) AppleWebKit/537.36 (KHTML, like Gecko) Chrome/150.0.0.0 Safari/537.36"
212.80.9.235 - - [04/Aug/2026:15:44:38 -0400] "POST /wp-login.php HTTP/2.0" 200 10742 "https://randy-web-ff.hipdev.pro/wp-login.php" "Mozilla/5.0 (Windows NT 10.0; Win64; x64) AppleWebKit/537.36 (KHTML, like Gecko) Chrome/150.0.0.0 Safari/537.36"
199.250.206.198 - - [04/Aug/2026:16:25:35 -0400] "POST /wp-cron.php?doing_wp_cron=1785875135.9022469520568847656250 HTTP/1.1" 200 - "-" "WordPress/6.9.5; https://randy-web-ff.hipdev.pro"
74.208.18.132 - - [04/Aug/2026:16:25:35 -0400] "GET /wp-login.php HTTP/2.0" 200 10257 "-" "Mozilla/5.0 (Windows NT 10.0; Win64; x64) AppleWebKit/537.36 (KHTML, like Gecko) Chrome/150.0.0.0 Safari/537.36"
74.208.18.132 - - [04/Aug/2026:16:25:40 -0400] "POST /wp-login.php HTTP/2.0" 200 10742 "https://randy-web-ff.hipdev.pro/wp-login.php" "Mozilla/5.0 (Windows NT 10.0; Win64; x64) AppleWebKit/537.36 (KHTML, like Gecko) Chrome/150.0.0.0 Safari/537.36"
199.250.206.198 - - [04/Aug/2026:17:00:13 -0400] "POST /wp-cron.php?doing_wp_cron=1785877213.7341740131378173828125 HTTP/1.1" 200 - "-" "WordPress/6.9.5; https://randy-web-ff.hipdev.pro"
103.158.4.136 - - [04/Aug/2026:17:00:12 -0400] "GET /wp-login.php HTTP/2.0" 200 10257 "-" "Mozilla/5.0 (Windows NT 10.0; Win64; x64) AppleWebKit/537.36 (KHTML, like Gecko) Chrome/150.0.0.0 Safari/537.36"
103.158.4.136 - - [04/Aug/2026:17:00:19 -0400] "POST /wp-login.php HTTP/2.0" 200 10742 "https://randy-web-ff.hipdev.pro/wp-login.php" "Mozilla/5.0 (Windows NT 10.0; Win64; x64) AppleWebKit/537.36 (KHTML, like Gecko) Chrome/150.0.0.0 Safari/537.36"
199.250.206.198 - - [04/Aug/2026:18:10:58 -0400] "POST /wp-cron.php?doing_wp_cron=1785881458.7908749580383300781250 HTTP/1.1" 200 - "-" "WordPress/6.9.5; https://randy-web-ff.hipdev.pro"
212.80.9.235 - - [04/Aug/2026:18:10:58 -0400] "GET /wp-login.php HTTP/2.0" 200 10257 "-" "Mozilla/5.0 (Windows NT 10.0; Win64; x64) AppleWebKit/537.36 (KHTML, like Gecko) Chrome/150.0.0.0 Safari/537.36"
212.80.9.235 - - [04/Aug/2026:18:11:03 -0400] "POST /wp-login.php HTTP/2.0" 200 10742 "https://randy-web-ff.hipdev.pro/wp-login.php" "Mozilla/5.0 (Windows NT 10.0; Win64; x64) AppleWebKit/537.36 (KHTML, like Gecko) Chrome/150.0.0.0 Safari/537.36"
199.250.206.198 - - [04/Aug/2026:18:51:11 -0400] "POST /wp-cron.php?doing_wp_cron=1785883871.7118089199066162109375 HTTP/1.1" 200 - "-" "WordPress/6.9.5; https://randy-web-ff.hipdev.pro"
116.118.0.69 - - [04/Aug/2026:18:51:11 -0400] "GET /wp-login.php HTTP/2.0" 200 10257 "-" "Mozilla/5.0 (Windows NT 10.0; Win64; x64) AppleWebKit/537.36 (KHTML, like Gecko) Chrome/150.0.0.0 Safari/537.36"
116.118.0.69 - - [04/Aug/2026:18:51:12 -0400] "POST /wp-login.php HTTP/2.0" 200 10742 "https://randy-web-ff.hipdev.pro/wp-login.php" "Mozilla/5.0 (Windows NT 10.0; Win64; x64) AppleWebKit/537.36 (KHTML, like Gecko) Chrome/150.0.0.0 Safari/537.36"
199.250.206.198 - - [04/Aug/2026:19:09:43 -0400] "POST /wp-cron.php?doing_wp_cron=1785884983.7364830970764160156250 HTTP/1.1" 200 - "-" "WordPress/6.9.5; https://randy-web-ff.hipdev.pro"
103.158.4.136 - - [04/Aug/2026:19:09:43 -0400] "GET /wp-login.php HTTP/2.0" 200 10257 "-" "Mozilla/5.0 (Windows NT 10.0; Win64; x64) AppleWebKit/537.36 (KHTML, like Gecko) Chrome/150.0.0.0 Safari/537.36"
103.158.4.136 - - [04/Aug/2026:19:09:44 -0400] "POST /wp-login.php HTTP/2.0" 200 10742 "https://randy-web-ff.hipdev.pro/wp-login.php" "Mozilla/5.0 (Windows NT 10.0; Win64; x64) AppleWebKit/537.36 (KHTML, like Gecko) Chrome/150.0.0.0 Safari/537.36"
199.250.206.198 - - [04/Aug/2026:19:44:26 -0400] "POST /wp-cron.php?doing_wp_cron=1785887066.7646210193634033203125 HTTP/1.1" 200 - "-" "WordPress/6.9.5; https://randy-web-ff.hipdev.pro"
66.249.74.98 - - [04/Aug/2026:19:44:26 -0400] "GET /robots.txt HTTP/1.1" 200 124 "-" "Mozilla/5.0 (compatible; Googlebot/2.1; +http://www.google.com/bot.html)"
66.249.74.99 - - [04/Aug/2026:19:44:30 -0400] "GET /contact/ HTTP/1.1" 200 21794 "-" "Mozilla/5.0 (Linux; Android 6.0.1; Nexus 5X Build/MMB29P) AppleWebKit/537.36 (KHTML, like Gecko) Chrome/150.0.7871.186 Mobile Safari/537.36 (compatible; Googlebot/2.1; +http://www.google.com/bot.html)"
188.165.195.29 - - [04/Aug/2026:19:45:10 -0400] "GET /wp-login.php HTTP/2.0" 200 10257 "-" "Mozilla/5.0 (Windows NT 10.0; Win64; x64) AppleWebKit/537.36 (KHTML, like Gecko) Chrome/150.0.0.0 Safari/537.36"
199.250.206.198 - - [04/Aug/2026:19:59:56 -0400] "POST /wp-cron.php?doing_wp_cron=1785887996.2176530361175537109375 HTTP/1.1" 200 - "-" "WordPress/6.9.5; https://randy-web-ff.hipdev.pro"
66.249.74.98 - - [04/Aug/2026:19:59:55 -0400] "GET / HTTP/1.1" 200 19791 "-" "Mozilla/5.0 (Linux; Android 6.0.1; Nexus 5X Build/MMB29P) AppleWebKit/537.36 (KHTML, like Gecko) Chrome/150.0.7871.186 Mobile Safari/537.36 (compatible; Googlebot/2.1; +http://www.google.com/bot.html)"
66.249.74.98 - - [04/Aug/2026:20:00:29 -0400] "GET /wp-content/plugins/contact-form-7/includes/css/styles.css?ver=6.1.6 HTTP/1.1" 200 2979 "https://randy-web-ff.hipdev.pro/" "Mozilla/5.0 (Linux; Android 6.0.1; Nexus 5X Build/MMB29P) AppleWebKit/537.36 (KHTML, like Gecko) Chrome/150.0.7871.186 Mobile Safari/537.36 (compatible; Googlebot/2.1; +http://www.google.com/bot.html)"
66.249.74.99 - - [04/Aug/2026:20:00:29 -0400] "GET /wp-content/themes/gasche/assets/fonts/stylesheet.css HTTP/1.1" 200 685 "https://randy-web-ff.hipdev.pro/" "Mozilla/5.0 (Linux; Android 6.0.1; Nexus 5X Build/MMB29P) AppleWebKit/537.36 (KHTML, like Gecko) Chrome/150.0.7871.186 Mobile Safari/537.36 (compatible; Googlebot/2.1; +http://www.google.com/bot.html)"
66.249.74.98 - - [04/Aug/2026:20:00:30 -0400] "GET /wp-includes/js/dist/i18n.min.js?ver=c26c3dc7bed366793375 HTTP/1.1" 200 5314 "https://randy-web-ff.hipdev.pro/" "Mozilla/5.0 (Linux; Android 6.0.1; Nexus 5X Build/MMB29P) AppleWebKit/537.36 (KHTML, like Gecko) Chrome/150.0.7871.186 Mobile Safari/537.36 (compatible; Googlebot/2.1; +http://www.google.com/bot.html)"
66.249.74.100 - - [04/Aug/2026:20:00:30 -0400] "GET /wp-content/plugins/contact-form-7/includes/js/index.js?ver=6.1.6 HTTP/1.1" 200 13452 "https://randy-web-ff.hipdev.pro/" "Mozilla/5.0 (Linux; Android 6.0.1; Nexus 5X Build/MMB29P) AppleWebKit/537.36 (KHTML, like Gecko) Chrome/150.0.7871.186 Mobile Safari/537.36 (compatible; Googlebot/2.1; +http://www.google.com/bot.html)"
66.249.74.98 - - [04/Aug/2026:20:00:31 -0400] "GET /wp-content/themes/gasche/assets/dist/css/app.css?v=1785887996&ver=6.9.5 HTTP/1.1" 200 6919 "https://randy-web-ff.hipdev.pro/" "Mozilla/5.0 (Linux; Android 6.0.1; Nexus 5X Build/MMB29P) AppleWebKit/537.36 (KHTML, like Gecko) Chrome/150.0.7871.186 Mobile Safari/537.36 (compatible; Googlebot/2.1; +http://www.google.com/bot.html)"
66.249.74.100 - - [04/Aug/2026:20:00:31 -0400] "GET /wp-includes/js/dist/hooks.min.js?ver=dd5603f07f9220ed27f1 HTTP/1.1" 200 5661 "https://randy-web-ff.hipdev.pro/" "Mozilla/5.0 (Linux; Android 6.0.1; Nexus 5X Build/MMB29P) AppleWebKit/537.36 (KHTML, like Gecko) Chrome/150.0.7871.186 Mobile Safari/537.36 (compatible; Googlebot/2.1; +http://www.google.com/bot.html)"
66.249.74.100 - - [04/Aug/2026:20:00:32 -0400] "GET /wp-content/themes/gasche/assets/js/jquery.js?ver=6.9.5 HTTP/1.1" 200 89664 "https://randy-web-ff.hipdev.pro/" "Mozilla/5.0 (Linux; Android 6.0.1; Nexus 5X Build/MMB29P) AppleWebKit/537.36 (KHTML, like Gecko) Chrome/150.0.7871.186 Mobile Safari/537.36 (compatible; Googlebot/2.1; +http://www.google.com/bot.html)"
66.249.74.100 - - [04/Aug/2026:20:00:32 -0400] "GET /wp-content/themes/gasche/assets/js/main.js?ver=1.0 HTTP/1.1" 200 - "https://randy-web-ff.hipdev.pro/" "Mozilla/5.0 (Linux; Android 6.0.1; Nexus 5X Build/MMB29P) AppleWebKit/537.36 (KHTML, like Gecko) Chrome/150.0.7871.186 Mobile Safari/537.36 (compatible; Googlebot/2.1; +http://www.google.com/bot.html)"
66.249.74.100 - - [04/Aug/2026:20:00:33 -0400] "GET /wp-content/plugins/contact-form-7/includes/swv/js/index.js?ver=6.1.6 HTTP/1.1" 200 12512 "https://randy-web-ff.hipdev.pro/" "Mozilla/5.0 (Linux; Android 6.0.1; Nexus 5X Build/MMB29P) AppleWebKit/537.36 (KHTML, like Gecko) Chrome/150.0.7871.186 Mobile Safari/537.36 (compatible; Googlebot/2.1; +http://www.google.com/bot.html)"
66.249.74.98 - - [04/Aug/2026:20:00:33 -0400] "GET /wp-content/uploads/2025/11/enternite_logo.svg HTTP/1.1" 200 2020 "https://randy-web-ff.hipdev.pro/" "Mozilla/5.0 (Linux; Android 6.0.1; Nexus 5X Build/MMB29P) AppleWebKit/537.36 (KHTML, like Gecko) Chrome/150.0.7871.186 Mobile Safari/537.36 (compatible; Googlebot/2.1; +http://www.google.com/bot.html)"
199.250.206.198 - - [04/Aug/2026:20:48:53 -0400] "POST /wp-cron.php?doing_wp_cron=1785890933.3659019470214843750000 HTTP/1.1" 200 - "-" "WordPress/6.9.5; https://randy-web-ff.hipdev.pro"
161.97.152.44 - - [04/Aug/2026:20:48:52 -0400] "GET /wp-login.php HTTP/2.0" 200 10257 "-" "Mozilla/5.0 (Windows NT 10.0; Win64; x64) AppleWebKit/537.36 (KHTML, like Gecko) Chrome/150.0.0.0 Safari/537.36"
199.250.206.198 - - [04/Aug/2026:21:29:31 -0400] "POST /wp-cron.php?doing_wp_cron=1785893371.2002980709075927734375 HTTP/1.1" 200 - "-" "WordPress/6.9.5; https://randy-web-ff.hipdev.pro"
91.206.200.203 - - [04/Aug/2026:21:29:30 -0400] "GET /wp-login.php HTTP/2.0" 200 10257 "-" "Mozilla/5.0 (Windows NT 10.0; Win64; x64) AppleWebKit/537.36 (KHTML, like Gecko) Chrome/150.0.0.0 Safari/537.36"
91.206.200.203 - - [04/Aug/2026:21:29:31 -0400] "POST /wp-login.php HTTP/2.0" 200 10742 "https://randy-web-ff.hipdev.pro/wp-login.php" "Mozilla/5.0 (Windows NT 10.0; Win64; x64) AppleWebKit/537.36 (KHTML, like Gecko) Chrome/150.0.0.0 Safari/537.36"
199.250.206.198 - - [04/Aug/2026:21:36:02 -0400] "POST /wp-cron.php?doing_wp_cron=1785893762.2513339519500732421875 HTTP/1.1" 200 - "-" "WordPress/6.9.5; https://randy-web-ff.hipdev.pro"
67.207.94.191 - - [04/Aug/2026:21:36:01 -0400] "GET /wp-login.php HTTP/2.0" 200 10257 "-" "Mozilla/5.0 (Windows NT 10.0; Win64; x64) AppleWebKit/537.36 (KHTML, like Gecko) Chrome/150.0.0.0 Safari/537.36"
67.207.94.191 - - [04/Aug/2026:21:36:02 -0400] "POST /wp-login.php HTTP/2.0" 200 10742 "https://randy-web-ff.hipdev.pro/wp-login.php" "Mozilla/5.0 (Windows NT 10.0; Win64; x64) AppleWebKit/537.36 (KHTML, like Gecko) Chrome/150.0.0.0 Safari/537.36"
199.250.206.198 - - [04/Aug/2026:21:59:31 -0400] "POST /wp-cron.php?doing_wp_cron=1785895171.7283689975738525390625 HTTP/1.1" 200 - "-" "WordPress/6.9.5; https://randy-web-ff.hipdev.pro"
103.28.36.168 - - [04/Aug/2026:21:59:31 -0400] "GET /wp-login.php HTTP/2.0" 200 10257 "-" "Mozilla/5.0 (Windows NT 10.0; Win64; x64) AppleWebKit/537.36 (KHTML, like Gecko) Chrome/150.0.0.0 Safari/537.36"
103.28.36.168 - - [04/Aug/2026:21:59:37 -0400] "POST /wp-login.php HTTP/2.0" 200 10742 "https://randy-web-ff.hipdev.pro/wp-login.php" "Mozilla/5.0 (Windows NT 10.0; Win64; x64) AppleWebKit/537.36 (KHTML, like Gecko) Chrome/150.0.0.0 Safari/537.36"
199.250.206.198 - - [04/Aug/2026:22:52:25 -0400] "POST /wp-cron.php?doing_wp_cron=1785898345.9474821090698242187500 HTTP/1.1" 200 - "-" "WordPress/6.9.5; https://randy-web-ff.hipdev.pro"
154.66.198.148 - - [04/Aug/2026:22:52:25 -0400] "GET /wp-login.php HTTP/2.0" 200 10257 "-" "Mozilla/5.0 (Windows NT 10.0; Win64; x64) AppleWebKit/537.36 (KHTML, like Gecko) Chrome/150.0.0.0 Safari/537.36"
199.250.206.198 - - [04/Aug/2026:22:52:29 -0400] "POST /wp-cron.php?doing_wp_cron=1785898349.7999880313873291015625 HTTP/1.1" 200 - "-" "WordPress/6.9.5; https://randy-web-ff.hipdev.pro"
154.66.198.148 - - [04/Aug/2026:22:52:29 -0400] "POST /wp-login.php HTTP/2.0" 200 10742 "https://randy-web-ff.hipdev.pro/wp-login.php" "Mozilla/5.0 (Windows NT 10.0; Win64; x64) AppleWebKit/537.36 (KHTML, like Gecko) Chrome/150.0.0.0 Safari/537.36"
199.250.206.198 - - [04/Aug/2026:23:14:39 -0400] "POST /wp-cron.php?doing_wp_cron=1785899679.0089769363403320312500 HTTP/1.1" 200 - "-" "WordPress/6.9.5; https://randy-web-ff.hipdev.pro"
216.38.28.47 - - [04/Aug/2026:23:14:38 -0400] "GET /wp-login.php HTTP/2.0" 200 10257 "-" "Mozilla/5.0 (Windows NT 10.0; Win64; x64) AppleWebKit/537.36 (KHTML, like Gecko) Chrome/150.0.0.0 Safari/537.36"
216.38.28.47 - - [04/Aug/2026:23:14:43 -0400] "POST /wp-login.php HTTP/2.0" 200 10742 "https://randy-web-ff.hipdev.pro/wp-login.php" "Mozilla/5.0 (Windows NT 10.0; Win64; x64) AppleWebKit/537.36 (KHTML, like Gecko) Chrome/150.0.0.0 Safari/537.36"
199.250.206.198 - - [04/Aug/2026:23:32:14 -0400] "POST /wp-cron.php?doing_wp_cron=1785900734.2477149963378906250000 HTTP/1.1" 200 - "-" "WordPress/6.9.5; https://randy-web-ff.hipdev.pro"
198.38.88.202 - - [04/Aug/2026:23:32:13 -0400] "GET /wp-login.php HTTP/2.0" 200 10257 "-" "Mozilla/5.0 (Windows NT 10.0; Win64; x64) AppleWebKit/537.36 (KHTML, like Gecko) Chrome/150.0.0.0 Safari/537.36"
198.38.88.202 - - [04/Aug/2026:23:32:17 -0400] "POST /wp-login.php HTTP/2.0" 200 10742 "https://randy-web-ff.hipdev.pro/wp-login.php" "Mozilla/5.0 (Windows NT 10.0; Win64; x64) AppleWebKit/537.36 (KHTML, like Gecko) Chrome/150.0.0.0 Safari/537.36"
199.250.206.198 - - [04/Aug/2026:23:39:21 -0400] "POST /wp-cron.php?doing_wp_cron=1785901161.2078750133514404296875 HTTP/1.1" 200 - "-" "WordPress/6.9.5; https://randy-web-ff.hipdev.pro"
168.144.36.115 - - [04/Aug/2026:23:39:20 -0400] "GET /wp-login.php HTTP/2.0" 200 10257 "-" "Mozilla/5.0 (Windows NT 10.0; Win64; x64) AppleWebKit/537.36 (KHTML, like Gecko) Chrome/150.0.0.0 Safari/537.36"
168.144.36.115 - - [04/Aug/2026:23:39:22 -0400] "POST /wp-login.php HTTP/2.0" 200 10742 "https://randy-web-ff.hipdev.pro/wp-login.php" "Mozilla/5.0 (Windows NT 10.0; Win64; x64) AppleWebKit/537.36 (KHTML, like Gecko) Chrome/150.0.0.0 Safari/537.36"
199.250.206.198 - - [05/Aug/2026:00:05:28 -0400] "POST /wp-cron.php?doing_wp_cron=1785902728.9578421115875244140625 HTTP/1.1" 200 - "-" "WordPress/6.9.5; https://randy-web-ff.hipdev.pro"
160.153.252.100 - - [05/Aug/2026:00:05:28 -0400] "GET /wp-login.php HTTP/2.0" 200 10257 "-" "Mozilla/5.0 (Windows NT 10.0; Win64; x64) AppleWebKit/537.36 (KHTML, like Gecko) Chrome/150.0.0.0 Safari/537.36"
160.153.252.100 - - [05/Aug/2026:00:05:29 -0400] "POST /wp-login.php HTTP/2.0" 200 10742 "https://randy-web-ff.hipdev.pro/wp-login.php" "Mozilla/5.0 (Windows NT 10.0; Win64; x64) AppleWebKit/537.36 (KHTML, like Gecko) Chrome/150.0.0.0 Safari/537.36"
199.250.206.198 - - [05/Aug/2026:00:49:29 -0400] "POST /wp-cron.php?doing_wp_cron=1785905369.3859760761260986328125 HTTP/1.1" 200 - "-" "WordPress/6.9.5; https://randy-web-ff.hipdev.pro"
66.132.195.59 - - [05/Aug/2026:00:49:29 -0400] "GET / HTTP/1.1" 200 19791 "-" "Mozilla/5.0 (compatible; CensysInspect/1.1; +https://about.censys.io/)"
66.132.195.59 - - [05/Aug/2026:00:49:34 -0400] "GET /wp-content/uploads/2025/11/ENTERNITE_FAVICON.png HTTP/1.1" 200 3261 "-" "Mozilla/5.0 (compatible; CensysInspect/1.1; +https://about.censys.io/)"
199.250.206.198 - - [05/Aug/2026:03:04:08 -0400] "POST /wp-cron.php?doing_wp_cron=1785913448.5022990703582763671875 HTTP/1.1" 200 - "-" "WordPress/6.9.5; https://randy-web-ff.hipdev.pro"
108.167.190.83 - - [05/Aug/2026:03:14:07 -0400] "GET /wp-login.php HTTP/2.0" 200 - "-" "Mozilla/5.0 (Windows NT 10.0; Win64; x64) AppleWebKit/537.36 (KHTML, like Gecko) Chrome/150.0.0.0 Safari/537.36"
199.250.206.198 - - [05/Aug/2026:03:14:09 -0400] "POST /wp-cron.php?doing_wp_cron=1785914049.2709751129150390625000 HTTP/1.1" 200 - "-" "WordPress/6.9.5; https://randy-web-ff.hipdev.pro"
199.250.206.198 - - [05/Aug/2026:03:18:21 -0400] "POST /wp-cron.php?doing_wp_cron=1785914300.0567340850830078125000 HTTP/1.1" 200 - "-" "WordPress/6.9.5; https://randy-web-ff.hipdev.pro"
199.250.206.198 - - [05/Aug/2026:03:19:17 -0400] "POST /wp-cron.php?doing_wp_cron=1785914357.0391640663146972656250 HTTP/1.1" 200 - "-" "WordPress/6.9.5; https://randy-web-ff.hipdev.pro"
198.38.94.67 - - [05/Aug/2026:03:19:16 -0400] "GET /wp-login.php HTTP/2.0" 200 10257 "-" "Mozilla/5.0 (Windows NT 10.0; Win64; x64) AppleWebKit/537.36 (KHTML, like Gecko) Chrome/150.0.0.0 Safari/537.36"
198.38.94.67 - - [05/Aug/2026:03:19:17 -0400] "POST /wp-login.php HTTP/2.0" 200 10742 "https://randy-web-ff.hipdev.pro/wp-login.php" "Mozilla/5.0 (Windows NT 10.0; Win64; x64) AppleWebKit/537.36 (KHTML, like Gecko) Chrome/150.0.0.0 Safari/537.36"
199.250.206.198 - - [05/Aug/2026:05:01:32 -0400] "POST /wp-cron.php?doing_wp_cron=1785920492.2290079593658447265625 HTTP/1.1" 200 - "-" "WordPress/6.9.5; https://randy-web-ff.hipdev.pro"
198.38.94.5 - - [05/Aug/2026:05:01:31 -0400] "GET /wp-login.php HTTP/2.0" 200 10257 "-" "Mozilla/5.0 (Windows NT 10.0; Win64; x64) AppleWebKit/537.36 (KHTML, like Gecko) Chrome/150.0.0.0 Safari/537.36"
198.38.94.5 - - [05/Aug/2026:05:01:32 -0400] "POST /wp-login.php HTTP/2.0" 200 10742 "https://randy-web-ff.hipdev.pro/wp-login.php" "Mozilla/5.0 (Windows NT 10.0; Win64; x64) AppleWebKit/537.36 (KHTML, like Gecko) Chrome/150.0.0.0 Safari/537.36"
167.71.240.77 - - [05/Aug/2026:05:40:28 -0400] "GET /wp-login.php HTTP/2.0" 200 10257 "-" "Mozilla/5.0 (Windows NT 10.0; Win64; x64) AppleWebKit/537.36 (KHTML, like Gecko) Chrome/150.0.0.0 Safari/537.36"
167.71.240.77 - - [05/Aug/2026:05:40:29 -0400] "POST /wp-login.php HTTP/2.0" 200 10742 "https://randy-web-ff.hipdev.pro/wp-login.php" "Mozilla/5.0 (Windows NT 10.0; Win64; x64) AppleWebKit/537.36 (KHTML, like Gecko) Chrome/150.0.0.0 Safari/537.36"
199.250.206.198 - - [05/Aug/2026:06:08:20 -0400] "POST /wp-cron.php?doing_wp_cron=1785924500.3293020725250244140625 HTTP/1.1" 200 - "-" "WordPress/6.9.5; https://randy-web-ff.hipdev.pro"
94.136.170.167 - - [05/Aug/2026:06:08:19 -0400] "GET /wp-login.php HTTP/2.0" 200 10257 "-" "Mozilla/5.0 (Windows NT 10.0; Win64; x64) AppleWebKit/537.36 (KHTML, like Gecko) Chrome/150.0.0.0 Safari/537.36"
94.136.170.167 - - [05/Aug/2026:06:08:20 -0400] "POST /wp-login.php HTTP/2.0" 200 10742 "https://randy-web-ff.hipdev.pro/wp-login.php" "Mozilla/5.0 (Windows NT 10.0; Win64; x64) AppleWebKit/537.36 (KHTML, like Gecko) Chrome/150.0.0.0 Safari/537.36"
199.250.206.198 - - [05/Aug/2026:06:36:02 -0400] "POST /wp-cron.php?doing_wp_cron=1785926162.0094280242919921875000 HTTP/1.1" 200 - "-" "WordPress/6.9.5; https://randy-web-ff.hipdev.pro"
154.66.198.148 - - [05/Aug/2026:06:36:01 -0400] "GET /wp-login.php HTTP/2.0" 200 10257 "-" "Mozilla/5.0 (Windows NT 10.0; Win64; x64) AppleWebKit/537.36 (KHTML, like Gecko) Chrome/150.0.0.0 Safari/537.36"
154.66.198.148 - - [05/Aug/2026:06:36:02 -0400] "POST /wp-login.php HTTP/2.0" 200 10742 "https://randy-web-ff.hipdev.pro/wp-login.php" "Mozilla/5.0 (Windows NT 10.0; Win64; x64) AppleWebKit/537.36 (KHTML, like Gecko) Chrome/150.0.0.0 Safari/537.36"
199.250.206.198 - - [05/Aug/2026:07:12:50 -0400] "POST /wp-cron.php?doing_wp_cron=1785928370.9230780601501464843750 HTTP/1.1" 200 - "-" "WordPress/6.9.5; https://randy-web-ff.hipdev.pro"
185.109.244.91 - - [05/Aug/2026:07:12:50 -0400] "GET /wp-login.php HTTP/2.0" 200 10257 "-" "Mozilla/5.0 (Windows NT 10.0; Win64; x64) AppleWebKit/537.36 (KHTML, like Gecko) Chrome/150.0.0.0 Safari/537.36"
185.109.244.91 - - [05/Aug/2026:07:12:51 -0400] "POST /wp-login.php HTTP/2.0" 200 10742 "https://randy-web-ff.hipdev.pro/wp-login.php" "Mozilla/5.0 (Windows NT 10.0; Win64; x64) AppleWebKit/537.36 (KHTML, like Gecko) Chrome/150.0.0.0 Safari/537.36"
199.250.206.198 - - [05/Aug/2026:07:18:19 -0400] "POST /wp-cron.php?doing_wp_cron=1785928699.9707520008087158203125 HTTP/1.1" 200 - "-" "WordPress/6.9.5; https://randy-web-ff.hipdev.pro"
160.250.130.168 - - [05/Aug/2026:07:18:19 -0400] "GET /wp-login.php HTTP/2.0" 200 10257 "-" "Mozilla/5.0 (Windows NT 10.0; Win64; x64) AppleWebKit/537.36 (KHTML, like Gecko) Chrome/150.0.0.0 Safari/537.36"
160.250.130.168 - - [05/Aug/2026:07:18:20 -0400] "POST /wp-login.php HTTP/2.0" 200 10742 "https://randy-web-ff.hipdev.pro/wp-login.php" "Mozilla/5.0 (Windows NT 10.0; Win64; x64) AppleWebKit/537.36 (KHTML, like Gecko) Chrome/150.0.0.0 Safari/537.36"
199.250.206.198 - - [05/Aug/2026:07:29:14 -0400] "POST /wp-cron.php?doing_wp_cron=1785929354.3937060832977294921875 HTTP/1.1" 200 - "-" "WordPress/6.9.5; https://randy-web-ff.hipdev.pro"
67.207.94.191 - - [05/Aug/2026:07:29:13 -0400] "GET /wp-login.php HTTP/2.0" 200 10257 "-" "Mozilla/5.0 (Windows NT 10.0; Win64; x64) AppleWebKit/537.36 (KHTML, like Gecko) Chrome/150.0.0.0 Safari/537.36"
67.207.94.191 - - [05/Aug/2026:07:29:15 -0400] "POST /wp-login.php HTTP/2.0" 200 10742 "https://randy-web-ff.hipdev.pro/wp-login.php" "Mozilla/5.0 (Windows NT 10.0; Win64; x64) AppleWebKit/537.36 (KHTML, like Gecko) Chrome/150.0.0.0 Safari/537.36"